{"version":"1.0","provider_name":"Catalogo | Letrame Grupo Editorial","provider_url":"https:\/\/letrame.com\/catalogo","title":"Gustavo A. Galicia - Catalogo | Letrame Grupo Editorial","type":"rich","width":600,"height":338,"html":"<blockquote class=\"wp-embedded-content\" data-secret=\"9nH2YBH2jq\"><a href=\"https:\/\/letrame.com\/catalogo\/author_book\/gustavo-a-galicia\/\">Gustavo A. Galicia<\/a><\/blockquote><iframe sandbox=\"allow-scripts\" security=\"restricted\" src=\"https:\/\/letrame.com\/catalogo\/author_book\/gustavo-a-galicia\/embed\/#?secret=9nH2YBH2jq\" width=\"600\" height=\"338\" title=\"\u00abGustavo A. Galicia\u00bb \u2014 Catalogo | Letrame Grupo Editorial\" data-secret=\"9nH2YBH2jq\" frameborder=\"0\" marginwidth=\"0\" marginheight=\"0\" scrolling=\"no\" class=\"wp-embedded-content\"><\/iframe><script>\n\/*! This file is auto-generated *\/\n!function(d,l){\"use strict\";l.querySelector&&d.addEventListener&&\"undefined\"!=typeof URL&&(d.wp=d.wp||{},d.wp.receiveEmbedMessage||(d.wp.receiveEmbedMessage=function(e){var t=e.data;if((t||t.secret||t.message||t.value)&&!\/[^a-zA-Z0-9]\/.test(t.secret)){for(var s,r,n,a=l.querySelectorAll('iframe[data-secret=\"'+t.secret+'\"]'),o=l.querySelectorAll('blockquote[data-secret=\"'+t.secret+'\"]'),c=new RegExp(\"^https?:$\",\"i\"),i=0;i<o.length;i++)o[i].style.display=\"none\";for(i=0;i<a.length;i++)s=a[i],e.source===s.contentWindow&&(s.removeAttribute(\"style\"),\"height\"===t.message?(1e3<(r=parseInt(t.value,10))?r=1e3:~~r<200&&(r=200),s.height=r):\"link\"===t.message&&(r=new URL(s.getAttribute(\"src\")),n=new URL(t.value),c.test(n.protocol))&&n.host===r.host&&l.activeElement===s&&(d.top.location.href=t.value))}},d.addEventListener(\"message\",d.wp.receiveEmbedMessage,!1),l.addEventListener(\"DOMContentLoaded\",function(){for(var e,t,s=l.querySelectorAll(\"iframe.wp-embedded-content\"),r=0;r<s.length;r++)(t=(e=s[r]).getAttribute(\"data-secret\"))||(t=Math.random().toString(36).substring(2,12),e.src+=\"#?secret=\"+t,e.setAttribute(\"data-secret\",t)),e.contentWindow.postMessage({message:\"ready\",secret:t},\"*\")},!1)))}(window,document);\n\/\/# sourceURL=https:\/\/letrame.com\/catalogo\/wp-includes\/js\/wp-embed.min.js\n<\/script>\n","thumbnail_url":"https:\/\/letrame.com\/catalogo\/wp-content\/uploads\/2024\/04\/Gustavo-A.-Galicia-scaled-e1591098654719.jpg","thumbnail_width":1920,"thumbnail_height":1083,"description":"Gustavo A. Galicia. Este vallisoletano, nacido el doce de octubre de 1972, se titul\u00f3 como Maestro de Educaci\u00f3n Primaria por la Facultad de Educaci\u00f3n de Valladolid, tras haber realizado su bachillerato en el instituto Zorrilla. Defensor ac\u00e9rrimo de la expansi\u00f3n y el fortalecimiento temprano del potencial neuronal de nuestros infantes. \u00c1vido lector, autodidacta y amante [&hellip;]"}

Gustavo A. Galicia. Este vallisoletano, nacido el doce de octubre de 1972, se tituló como Maestro de Educación Primaria por la Facultad de Educación de Valladolid, tras haber realizado su bachillerato en el instituto Zorrilla. Defensor acérrimo de la expansión y el fortalecimiento temprano del potencial neuronal de nuestros infantes. Ávido lector, autodidacta y amante [&hellip;]
