{"version":"1.0","provider_name":"Catalogo | Letrame Grupo Editorial","provider_url":"https:\/\/letrame.com\/catalogo","title":"Francisco G\u00f3mez Luque - Catalogo | Letrame Grupo Editorial","type":"rich","width":600,"height":338,"html":"<blockquote class=\"wp-embedded-content\" data-secret=\"CynO1Rc6NF\"><a href=\"https:\/\/letrame.com\/catalogo\/author_book\/francisco-gomez-luque\/\">Francisco G\u00f3mez Luque<\/a><\/blockquote><iframe sandbox=\"allow-scripts\" security=\"restricted\" src=\"https:\/\/letrame.com\/catalogo\/author_book\/francisco-gomez-luque\/embed\/#?secret=CynO1Rc6NF\" width=\"600\" height=\"338\" title=\"\u00abFrancisco G\u00f3mez Luque\u00bb \u2014 Catalogo | Letrame Grupo Editorial\" data-secret=\"CynO1Rc6NF\" frameborder=\"0\" marginwidth=\"0\" marginheight=\"0\" scrolling=\"no\" class=\"wp-embedded-content\"><\/iframe><script>\n\/*! This file is auto-generated *\/\n!function(d,l){\"use strict\";l.querySelector&&d.addEventListener&&\"undefined\"!=typeof URL&&(d.wp=d.wp||{},d.wp.receiveEmbedMessage||(d.wp.receiveEmbedMessage=function(e){var t=e.data;if((t||t.secret||t.message||t.value)&&!\/[^a-zA-Z0-9]\/.test(t.secret)){for(var s,r,n,a=l.querySelectorAll('iframe[data-secret=\"'+t.secret+'\"]'),o=l.querySelectorAll('blockquote[data-secret=\"'+t.secret+'\"]'),c=new RegExp(\"^https?:$\",\"i\"),i=0;i<o.length;i++)o[i].style.display=\"none\";for(i=0;i<a.length;i++)s=a[i],e.source===s.contentWindow&&(s.removeAttribute(\"style\"),\"height\"===t.message?(1e3<(r=parseInt(t.value,10))?r=1e3:~~r<200&&(r=200),s.height=r):\"link\"===t.message&&(r=new URL(s.getAttribute(\"src\")),n=new URL(t.value),c.test(n.protocol))&&n.host===r.host&&l.activeElement===s&&(d.top.location.href=t.value))}},d.addEventListener(\"message\",d.wp.receiveEmbedMessage,!1),l.addEventListener(\"DOMContentLoaded\",function(){for(var e,t,s=l.querySelectorAll(\"iframe.wp-embedded-content\"),r=0;r<s.length;r++)(t=(e=s[r]).getAttribute(\"data-secret\"))||(t=Math.random().toString(36).substring(2,12),e.src+=\"#?secret=\"+t,e.setAttribute(\"data-secret\",t)),e.contentWindow.postMessage({message:\"ready\",secret:t},\"*\")},!1)))}(window,document);\n\/\/# sourceURL=https:\/\/letrame.com\/catalogo\/wp-includes\/js\/wp-embed.min.js\n<\/script>\n","thumbnail_url":"https:\/\/letrame.com\/catalogo\/wp-content\/uploads\/2024\/05\/Foto-compressed-1.jpg","thumbnail_width":1342,"thumbnail_height":1498,"description":"Nacido el 19 de Junio de 1975 en Barcelona. Estudi\u00e9 en Seminario Mercedario de Reus y en los Maristas de Zaragoza. Renunci\u00e9 a la pr\u00f3rroga de estudios que ten\u00eda para ir al servicio militar. Mi destino fue la fragata \u00abAsturias\u00bb, en la guerra de la ex Yugoslavia, en el embargo mar\u00edtimo en el Adri\u00e1tico. Estudi\u00e9 [&hellip;]"}

Francisco Gómez Luque - Catalogo | Letrame Grupo Editorial

<blockquote class="wp-embedded-content" data-secret="CynO1Rc6NF"><a href="https://letrame.com/catalogo/author_book/francisco-gomez-luque/">Francisco Gómez Luque</a></blockquote><iframe sandbox="allow-scripts" security="restricted" src="https://letrame.com/catalogo/author_book/francisco-gomez-luque/embed/#?secret=CynO1Rc6NF" width="600" height="338" title="«Francisco Gómez Luque» — Catalogo | Letrame Grupo Editorial" data-secret="CynO1Rc6NF" frameborder="0" marginwidth="0" marginheight="0" scrolling="no" class="wp-embedded-content"></iframe><script>
/*! This file is auto-generated */
!function(d,l){"use strict";l.querySelector&&d.addEventListener&&"undefined"!=typeof URL&&(d.wp=d.wp||{},d.wp.receiveEmbedMessage||(d.wp.receiveEmbedMessage=function(e){var t=e.data;if((t||t.secret||t.message||t.value)&&!/[^a-zA-Z0-9]/.test(t.secret)){for(var s,r,n,a=l.querySelectorAll('iframe[data-secret="'+t.secret+'"]'),o=l.querySelectorAll('blockquote[data-secret="'+t.secret+'"]'),c=new RegExp("^https?:$","i"),i=0;i<o.length;i++)o[i].style.display="none";for(i=0;i<a.length;i++)s=a[i],e.source===s.contentWindow&&(s.removeAttribute("style"),"height"===t.message?(1e3<(r=parseInt(t.value,10))?r=1e3:~~r<200&&(r=200),s.height=r):"link"===t.message&&(r=new URL(s.getAttribute("src")),n=new URL(t.value),c.test(n.protocol))&&n.host===r.host&&l.activeElement===s&&(d.top.location.href=t.value))}},d.addEventListener("message",d.wp.receiveEmbedMessage,!1),l.addEventListener("DOMContentLoaded",function(){for(var e,t,s=l.querySelectorAll("iframe.wp-embedded-content"),r=0;r<s.length;r++)(t=(e=s[r]).getAttribute("data-secret"))||(t=Math.random().toString(36).substring(2,12),e.src+="#?secret="+t,e.setAttribute("data-secret",t)),e.contentWindow.postMessage({message:"ready",secret:t},"*")},!1)))}(window,document);
//# sourceURL=https://letrame.com/catalogo/wp-includes/js/wp-embed.min.js
</script>

Nacido el 19 de Junio de 1975 en Barcelona. Estudié en Seminario Mercedario de Reus y en los Maristas de Zaragoza. Renuncié a la prórroga de estudios que tenía para ir al servicio militar. Mi destino fue la fragata «Asturias», en la guerra de la ex Yugoslavia, en el embargo marítimo en el Adriático. Estudié [&hellip;]
