{"version":"1.0","provider_name":"Catalogo | Letrame Grupo Editorial","provider_url":"https:\/\/letrame.com\/catalogo","title":"Arwen Analy Vargas Ccuro - Catalogo | Letrame Grupo Editorial","type":"rich","width":600,"height":338,"html":"<blockquote class=\"wp-embedded-content\" data-secret=\"K05pbB78AF\"><a href=\"https:\/\/letrame.com\/catalogo\/author_book\/arwen-analy-vargas-ccuro\/\">Arwen Analy Vargas Ccuro<\/a><\/blockquote><iframe sandbox=\"allow-scripts\" security=\"restricted\" src=\"https:\/\/letrame.com\/catalogo\/author_book\/arwen-analy-vargas-ccuro\/embed\/#?secret=K05pbB78AF\" width=\"600\" height=\"338\" title=\"\u00abArwen Analy Vargas Ccuro\u00bb \u2014 Catalogo | Letrame Grupo Editorial\" data-secret=\"K05pbB78AF\" frameborder=\"0\" marginwidth=\"0\" marginheight=\"0\" scrolling=\"no\" class=\"wp-embedded-content\"><\/iframe><script>\n\/*! This file is auto-generated *\/\n!function(d,l){\"use strict\";l.querySelector&&d.addEventListener&&\"undefined\"!=typeof URL&&(d.wp=d.wp||{},d.wp.receiveEmbedMessage||(d.wp.receiveEmbedMessage=function(e){var t=e.data;if((t||t.secret||t.message||t.value)&&!\/[^a-zA-Z0-9]\/.test(t.secret)){for(var s,r,n,a=l.querySelectorAll('iframe[data-secret=\"'+t.secret+'\"]'),o=l.querySelectorAll('blockquote[data-secret=\"'+t.secret+'\"]'),c=new RegExp(\"^https?:$\",\"i\"),i=0;i<o.length;i++)o[i].style.display=\"none\";for(i=0;i<a.length;i++)s=a[i],e.source===s.contentWindow&&(s.removeAttribute(\"style\"),\"height\"===t.message?(1e3<(r=parseInt(t.value,10))?r=1e3:~~r<200&&(r=200),s.height=r):\"link\"===t.message&&(r=new URL(s.getAttribute(\"src\")),n=new URL(t.value),c.test(n.protocol))&&n.host===r.host&&l.activeElement===s&&(d.top.location.href=t.value))}},d.addEventListener(\"message\",d.wp.receiveEmbedMessage,!1),l.addEventListener(\"DOMContentLoaded\",function(){for(var e,t,s=l.querySelectorAll(\"iframe.wp-embedded-content\"),r=0;r<s.length;r++)(t=(e=s[r]).getAttribute(\"data-secret\"))||(t=Math.random().toString(36).substring(2,12),e.src+=\"#?secret=\"+t,e.setAttribute(\"data-secret\",t)),e.contentWindow.postMessage({message:\"ready\",secret:t},\"*\")},!1)))}(window,document);\n\/\/# sourceURL=https:\/\/letrame.com\/catalogo\/wp-includes\/js\/wp-embed.min.js\n<\/script>\n","thumbnail_url":"https:\/\/letrame.com\/catalogo\/wp-content\/uploads\/2024\/04\/Icono-Autora-Letrame-1.png","thumbnail_width":470,"thumbnail_height":483,"description":"Todo comenz\u00f3 en Ponferrada Le\u00f3n, para ser m\u00e1s exactos el 12 de abril de 2010, cuando llegu\u00e9 al mundo. Yo no llegu\u00e9 al mundo como los dem\u00e1s ni\u00f1os, yo nac\u00ed con Asperger. Mi primer colegio fue la Inmaculada, en el que me encuentro actualmente. Mis padres trabajaban muy duro y arduamente para conseguirnos todo a [&hellip;]"}

Todo comenzó en Ponferrada León, para ser más exactos el 12 de abril de 2010, cuando llegué al mundo. Yo no llegué al mundo como los demás niños, yo nací con Asperger. Mi primer colegio fue la Inmaculada, en el que me encuentro actualmente. Mis padres trabajaban muy duro y arduamente para conseguirnos todo a [&hellip;]
