{"version":"1.0","provider_name":"Catalogo | Letrame Grupo Editorial","provider_url":"https:\/\/letrame.com\/catalogo","title":"Antonia Victoria Mogoll\u00f3n Fajardo - Catalogo | Letrame Grupo Editorial","type":"rich","width":600,"height":338,"html":"<blockquote class=\"wp-embedded-content\" data-secret=\"wNdOG6Ece2\"><a href=\"https:\/\/letrame.com\/catalogo\/author_book\/antonia-victoria-mogollon-fajardo\/\">Antonia Victoria Mogoll\u00f3n Fajardo<\/a><\/blockquote><iframe sandbox=\"allow-scripts\" security=\"restricted\" src=\"https:\/\/letrame.com\/catalogo\/author_book\/antonia-victoria-mogollon-fajardo\/embed\/#?secret=wNdOG6Ece2\" width=\"600\" height=\"338\" title=\"\u00abAntonia Victoria Mogoll\u00f3n Fajardo\u00bb \u2014 Catalogo | Letrame Grupo Editorial\" data-secret=\"wNdOG6Ece2\" frameborder=\"0\" marginwidth=\"0\" marginheight=\"0\" scrolling=\"no\" class=\"wp-embedded-content\"><\/iframe><script>\n\/*! This file is auto-generated *\/\n!function(d,l){\"use strict\";l.querySelector&&d.addEventListener&&\"undefined\"!=typeof URL&&(d.wp=d.wp||{},d.wp.receiveEmbedMessage||(d.wp.receiveEmbedMessage=function(e){var t=e.data;if((t||t.secret||t.message||t.value)&&!\/[^a-zA-Z0-9]\/.test(t.secret)){for(var s,r,n,a=l.querySelectorAll('iframe[data-secret=\"'+t.secret+'\"]'),o=l.querySelectorAll('blockquote[data-secret=\"'+t.secret+'\"]'),c=new RegExp(\"^https?:$\",\"i\"),i=0;i<o.length;i++)o[i].style.display=\"none\";for(i=0;i<a.length;i++)s=a[i],e.source===s.contentWindow&&(s.removeAttribute(\"style\"),\"height\"===t.message?(1e3<(r=parseInt(t.value,10))?r=1e3:~~r<200&&(r=200),s.height=r):\"link\"===t.message&&(r=new URL(s.getAttribute(\"src\")),n=new URL(t.value),c.test(n.protocol))&&n.host===r.host&&l.activeElement===s&&(d.top.location.href=t.value))}},d.addEventListener(\"message\",d.wp.receiveEmbedMessage,!1),l.addEventListener(\"DOMContentLoaded\",function(){for(var e,t,s=l.querySelectorAll(\"iframe.wp-embedded-content\"),r=0;r<s.length;r++)(t=(e=s[r]).getAttribute(\"data-secret\"))||(t=Math.random().toString(36).substring(2,12),e.src+=\"#?secret=\"+t,e.setAttribute(\"data-secret\",t)),e.contentWindow.postMessage({message:\"ready\",secret:t},\"*\")},!1)))}(window,document);\n\/\/# sourceURL=https:\/\/letrame.com\/catalogo\/wp-includes\/js\/wp-embed.min.js\n<\/script>\n","thumbnail_url":"https:\/\/letrame.com\/catalogo\/wp-content\/uploads\/2026\/03\/20210325_152234.jpg","thumbnail_width":720,"thumbnail_height":720,"description":"(To\u00f1i), nacida en Avil\u00e9s, vivi\u00f3 sus primeros a\u00f1os en el Barrio de La Luz, pero lleva m\u00e1s de media vida en La Felguera, Principado de Asturias. Es su primer libro, con poes\u00edas recopiladas a lo largo de m\u00e1s de 40 a\u00f1os."}

Antonia Victoria Mogollón Fajardo - Catalogo | Letrame Grupo Editorial

<blockquote class="wp-embedded-content" data-secret="wNdOG6Ece2"><a href="https://letrame.com/catalogo/author_book/antonia-victoria-mogollon-fajardo/">Antonia Victoria Mogollón Fajardo</a></blockquote><iframe sandbox="allow-scripts" security="restricted" src="https://letrame.com/catalogo/author_book/antonia-victoria-mogollon-fajardo/embed/#?secret=wNdOG6Ece2" width="600" height="338" title="«Antonia Victoria Mogollón Fajardo» — Catalogo | Letrame Grupo Editorial" data-secret="wNdOG6Ece2" frameborder="0" marginwidth="0" marginheight="0" scrolling="no" class="wp-embedded-content"></iframe><script>
/*! This file is auto-generated */
!function(d,l){"use strict";l.querySelector&&d.addEventListener&&"undefined"!=typeof URL&&(d.wp=d.wp||{},d.wp.receiveEmbedMessage||(d.wp.receiveEmbedMessage=function(e){var t=e.data;if((t||t.secret||t.message||t.value)&&!/[^a-zA-Z0-9]/.test(t.secret)){for(var s,r,n,a=l.querySelectorAll('iframe[data-secret="'+t.secret+'"]'),o=l.querySelectorAll('blockquote[data-secret="'+t.secret+'"]'),c=new RegExp("^https?:$","i"),i=0;i<o.length;i++)o[i].style.display="none";for(i=0;i<a.length;i++)s=a[i],e.source===s.contentWindow&&(s.removeAttribute("style"),"height"===t.message?(1e3<(r=parseInt(t.value,10))?r=1e3:~~r<200&&(r=200),s.height=r):"link"===t.message&&(r=new URL(s.getAttribute("src")),n=new URL(t.value),c.test(n.protocol))&&n.host===r.host&&l.activeElement===s&&(d.top.location.href=t.value))}},d.addEventListener("message",d.wp.receiveEmbedMessage,!1),l.addEventListener("DOMContentLoaded",function(){for(var e,t,s=l.querySelectorAll("iframe.wp-embedded-content"),r=0;r<s.length;r++)(t=(e=s[r]).getAttribute("data-secret"))||(t=Math.random().toString(36).substring(2,12),e.src+="#?secret="+t,e.setAttribute("data-secret",t)),e.contentWindow.postMessage({message:"ready",secret:t},"*")},!1)))}(window,document);
//# sourceURL=https://letrame.com/catalogo/wp-includes/js/wp-embed.min.js
</script>

(Toñi), nacida en Avilés, vivió sus primeros años en el Barrio de La Luz, pero lleva más de media vida en La Felguera, Principado de Asturias. Es su primer libro, con poesías recopiladas a lo largo de más de 40 años.
